he prime factors of g.
2, 79
Suppose -110*v + 69*v = -1219135. List the prime factors of v.
5, 19, 313
Suppose 20 = -3*s - 10. Let k be (88/s)/((-5)/(-25)). Let h = k - -55. What are the prime factors of h?
11
Suppose -5*t - 3*s = s + 2, -t = 2*s - 2. List the prime factors of t/(-12) + 115/30.
2
Let k(w) = 576*w**3 + 277*w**2 - 1363*w - 2. What are the prime factors of k(5)?
2, 3, 2003
Let j = -428 - -1396. Suppose -1267 = -5*r + j. List the prime factors of r.
3, 149
List the prime factors of 12187 - (-13 + 14 - (3 - 1)).
2, 11, 277
Let y(p) = 10*p**2 + 44*p - 2. Suppose -5*z - 26 = 9. What are the prime factors of y(z)?
2, 3, 5
Let h(t) = t**3 - 5*t**2 + 23*t - 73. Let v be h(4). Suppose -3*m - v*f - 237 = -837, 5*m + f = 1016. What are the prime factors of m?
2, 3, 17
Let n be 13 + -5 + 4/2. Suppose p - n = -5*o, 6*p = 4*p + 2*o + 8. Suppose -40 = 3*w - p*w. What are the prime factors of w?
2, 5
Let f be -21 - -23 - (2 - -4). What are the prime factors of f/(-56)*7*862*2?
2, 431
Let i be (-4 + 8 + -4)/(-1 - -2). Suppose -24 = -6*q - i. Suppose q*z - 54 = -2. What are the prime factors of z?
13
Let h = -152 - -185. What are the prime factors of 291*(h/9 - 3)?
2, 97
Let d = 581 - -619. Let p = d - -24. Suppose 13*s = -4*s + p. What are the prime factors of s?
2, 3
Let u = 2536 - -100. List the prime factors of u.
2, 659
Let d(t) = -395*t - 16 - 405*t + 808*t. Let z = -3 - -10. What are the prime factors of d(z)?
2, 5
Let d(o) = -o - 2. Let p(t) = -t**2 - 20*t + 50. Let s(z) = 2*d(z) - p(z). List the prime factors of s(19).
11, 59
Let j be (-4)/(-8) + 718/(-4). Let v = 1368 - 1657. Let w = j - v. What are the prime factors of w?
2, 5, 11
Let w(i) = -50*i - 1. Let h = -4 - -1. Let a be h/1*(4/(-2))/(-2). What are the prime factors of w(a)?
149
Let r(y) = -1642*y - 103. Let s be r(-2). Suppose 15*b + s = 14221. What are the prime factors of b?
2, 23
Let o = 19513 + -11343. What are the prime factors of o?
2, 5, 19, 43
Suppose -4*b + 64 = -28. Suppose 1684 = 19*j - b*j. Let i = -288 - j. What are the prime factors of i?
7, 19
Let a(n) = -n**2 - 24*n - 38. Let d be a(-17). Suppose -3218 = 79*m - d*m. What are the prime factors of m?
1609
Let x be (-2)/(-8) - 1/(-12)*-3. Let a be ((-6)/(-45) - x) + 66665/75. Suppose -a = -9*b + 155. List the prime factors of b.
2, 29
Let m(l) = 100*l - 40. Let d(w) = 3*w - 48. Let y be d(18). List the prime factors of m(y).
2, 5, 7
Suppose g + 4*b = 4*g - 3875, 3*b = -3*g + 3840. What are the prime factors of g?
5, 257
Let s = -90 - -94. Let o be (10/(-5))/(4/(-16)) - s. Suppose -17 = 3*w - 8, -o*f - 3*w = -1091. What are the prime factors of f?
5, 11
Suppose -2*b + 6762 = 2*r, -4*r = -8*b + 5*b + 10115. Let m = b + -1841. List the prime factors of m.
2, 3
Suppose 167*k = -984780 + 3816098. List the prime factors of k.
2, 7, 173
Let h(r) = -r**3 - 4*r**2 + 18*r + 10. Let b be h(-7). Let i = b - -179. What are the prime factors of 1*i - 2 - -1*3?
211
What are the prime factors of 28/20 + 45374124/790?
19, 3023
Suppose -41 + 9 = -4*k. Suppose 0 = -5*u + 2*d + 131, 3*u - 4*d - 77 = 10. Let b = u + k. List the prime factors of b.
3, 11
Suppose 3*f - 13857 + 70673 = w, -170382 = -3*w - 2*f. List the prime factors of w.
2, 7, 4057
Suppose 21*g + 18 = 24*g. What are the prime factors of 1/((-2)/g) - (-30 + -280)?
307
Let k(s) = -263*s**3 + 10*s**2 + 39*s - 16. List the prime factors of k(-5).
2, 7, 2351
Let q = -329 - -359. Suppose 15822 = q*y - 12*y. What are the prime factors of y?
3, 293
Let x = 19918 + -11805. List the prime factors of x.
7, 19, 61
Suppose 203979 + 90929 = 80*s - 316772. What are the prime factors of s?
2, 3823
Let i(f) = 3*f - 6*f - 26 + 37. Let h be i(24). Let a = 121 + h. List the prime factors of a.
2, 3, 5
Suppose -61*p - 40036 = -358456. List the prime factors of p.
2, 3, 5, 29
Suppose -3*t - 126 = 3*o, -4*o - t - 95 = 88. Let v = 51 + o. What are the prime factors of -4 + 1 + (v - 0) - -40?
41
Let o be 12/16 + (-534)/8. Let d = o + 74. Let c(x) = -2*x**2 + 35*x - 2. List the prime factors of c(d).
2, 3, 5
Suppose -625 = -5*i - 645. What are the prime factors of 3 - (-415 - (-1 + 2 + i))?
5, 83
Let q(h) = 2*h**2 - 8*h + 11. Let r be q(5). Suppose -3*a = -6*a + r. Suppose 9*m = a*m + 110. List the prime factors of m.
5, 11
Let a(o) = 2*o**3 - 3*o**2 - 2*o + 2. Let d be a(3). What are the prime factors of (-5*d - 0)*168/(-280)?
3, 23
Suppose d + 4*d - 5*k = 220, 2*k + 44 = d. Suppose -4*i = 0, -4*q - d = -2*q - 2*i. List the prime factors of (q/(-55))/((-2)/(-310)).
2, 31
Let z(l) = -l**2 + 10*l - 1. Let k be z(11). Let b = k + 16. Suppose 0*x = c - 5*x - 28, 8 = b*x. What are the prime factors of c?
2, 19
Let p(j) = 2*j**3 - 2*j**2 - 4*j - 15. Let z = 211 - 206. What are the prime factors of p(z)?
3, 5, 11
Let c = 255 + -253. Suppose -2*w - 3*t + 854 = -7*t, 854 = 2*w + c*t. List the prime factors of w.
7, 61
Let r = 35970 - 24797. List the prime factors of r.
11173
Let o = 28 + -24. Let f = 19 + o. Suppose -w - 247 = -5*x, -x + 2*w + f = -30. List the prime factors of x.
7
Suppose -5*t - 13*t = -9*t - 16002. List the prime factors of t.
2, 7, 127
What are the prime factors of (-4)/((-34)/14943 + 0)?
2, 3, 293
Let l = -25232 - -39565. List the prime factors of l.
11, 1303
List the prime factors of (-13203)/(-2)*2648/993.
2, 3, 163
Suppose -32*q + 36*q = 4*z + 76356, -7*q = 5*z - 133683. What are the prime factors of q?
2, 9547
Suppose 0 = 5*z - 4*b - 0 + 28, 4*z = -5*b - 6. Let f(p) be the first derivative of -7*p**2/2 + 10*p - 443. What are the prime factors of f(z)?
2, 19
Let p(n) = n**3 - 11*n**2 + 8*n - 6. Suppose -7*w = -11 - 73. What are the prime factors of p(w)?
2, 3, 13
Suppose -3*h = 139*b - 135*b - 99298, b - 132380 = -4*h. List the prime factors of h.
2, 16547
Suppose -201 = 6*v - 4*v + i, 2*v + 4*i = -192. Let a = v - -109. Suppose a*k = 831 + 233. List the prime factors of k.
2, 19
Suppose -5*l - 3*f + 766 = -f, -468 = -3*l - 4*f. Suppose q - l - 350 = 0. List the prime factors of q.
2, 251
Suppose 4*l + 2*o - 27160 = 3798, -3*l = 4*o - 23216. List the prime factors of l.
2, 3, 5, 43
Let n = -67 - -9. Let r = 1614 - 1657. Let o = r - n. What are the prime factors of o?
3, 5
Suppose -51*o + 23382 - 5532 = 0. What are the prime factors of o?
2, 5, 7
Let g = -462 - -1694. Suppose 5*q + 2532 = 5*u - 623, 4*q - g = -2*u. What are the prime factors of u?
2, 313
Let z(n) = 2*n**2 + 2*n + 7596. Let y be z(0). Suppose 36*l = 48*l - y. What are the prime factors of l?
3, 211
Suppose -90*v = 69*v - 2322831. What are the prime factors of v?
7, 2087
What are the prime factors of ((27/(-15))/1)/(6/(-19230))?
3, 641
What are the prime factors of (36 - -1401) + -1 + 0?
2, 359
Let z = -302 + 305. Let h = -65 - -97. Suppose 4*t - h = -2*n, 0 - z = -t. What are the prime factors of n?
2, 5
Let r be 29 + (2 - 0)/2. Let u(o) = -3*o - 11. Let m be u(0). Let x = m + r. List the prime factors of x.
19
Let q = -402 + 1018. Let j = q - 120. List the prime factors of j.
2, 31
Suppose 3*v + 19*d = 24*d + 63784, -4*v - d + 85007 = 0. Suppose 0 = 22*c + 1893 - v. List the prime factors of c.
2, 5, 11
Suppose -9*b + 40 = b. Suppose 2*j - 304 = 5*y, -2*j - b*y + 529 = 189. What are the prime factors of j?
2, 3
Suppose -19*x + 3*x = -3*x - 79157. What are the prime factors of x?
6089
List the prime factors of 7 + (-100512)/(-15) + (-27)/15 + 3.
6709
Let w = -79 - -83. Suppose -3*f + 120 = 3*s, s + 5*f = 2*s - 64. Suppose u - 35 = -y + s, -y - w*u + 70 = 0. What are the prime factors of y?
2, 41
Suppose 41*y - 39*y = 2557 + 4493. What are the prime factors of y?
3, 5, 47
Let k = -14131 + 46835. What are the prime factors of k?
2, 7, 73
Let d = -12987 + 38172. What are the prime factors of d?
3, 5, 23, 73
Let t = 266 + -4. Suppose 2*u + 64 - t = 0. Suppose 5*l - 91 = u. List the prime factors of l.
2, 19
Let t(w) = -120*w - 32. Let f be t(-18). Let x = -1453 + f. What are the prime factors of x?
3, 5
Let v(b) = 23*b - 2*b**3 + 17 - 4*b**2 + 17*b - 44*b. List the prime factors of v(-8).
19, 43
Let n be -13 - (2 - -3)/(-5). Let u be 3 - 4/n*-21. Let c(i) = -i**3 - 3*i**2 - 2*i - 3. List the prime factors of c(u).
3, 7
Let p(i) = -i**3 - 5*i**2 + 2*i + 24. Let l be p(-4). Suppose 0 = b - 2*v - 407, l = 3*b + 5*v -